uate 0 + -3 + 3 + (7 - 12 - 0).
-5
Calculate -8 - (-14 - (-3 - (-7 + 8))).
2
What is -9 - ((-3 - (3 - -2)) + -41 + 28)?
12
Evaluate 17 - (-19 - (-26 - 4)).
6
What is the value of (33 - 21) + (-16 - -2 - 8)?
-10
What is -5 + (-9 - (6 + -7 + -17))?
4
What is (43 - -1) + (-1331 - -1309)?
22
What is (1 - 4 - 7) + 11 + 18?
19
Evaluate 18 - (-15 - -28) - -9.
14
Evaluate 12 + 0 - (2305 - 2262).
-31
-5 + 16 - (45 + -5)
-29
15 + (3 - 10) + -16 - 4
-12
What is -4 - (-1 + -1) - (94 - 104)?
8
Evaluate -4 - (1 + -1) - (12 + -14) - 4.
-6
Evaluate -1 - ((-6 - -8) + -1) - (1 - 16).
13
What is (9 - 4 - 21) + (55 - 36)?
3
Calculate 561 + -539 + (-41 - -1) + 8 + 0.
-10
-23 - -23 - (5 + -1 - (18 + -28))
-14
1 - -7 - (-12 + 14)
6
Evaluate -29 - -43 - (-3 - -1 - 2) - 2.
16
-19 - ((6 - 0 - -2) + (20 - 31))
-16
Evaluate (-1 - (5 - 2) - -3) + 10 - 1.
8
Calculate 2 + 25 + -19 + (2 - 2).
8
Calculate -13 + 2 + -14 + (77 - 73).
-21
Evaluate (4 + -36 - -51) + -11.
8
Evaluate 16 - (-14 + 29) - -9.
10
What is the value of (-14 + 5 + 2 - -1) + -2 - -4?
-4
Evaluate 15 + 0 + -7 + -8.
0
Calculate -13 - ((10 + -6 - 0) + (-1 - 5)).
-11
What is the value of -41 + 27 + 31 + 1?
18
What is -5 - (7 - (1 - -7)) - (-7 - 2)?
5
Evaluate -5 - ((-11 - -6) + 11 - 16).
5
What is the value of -8 - (-3 - 2 - -4) - 4?
-11
Calculate -15 + 3 - -4 - ((12 - 5) + -9).
-6
What is -16 + 13 + -1 + 8?
4
Calculate -28 + 78 + -65 - (1 - (0 - -7)).
-9
What is the value of 4 + 12 + -12 + 4 + 1?
9
What is -6 + (0 - 2) - -1 - -7?
0
What is -5 - ((3 - (-1 + -8)) + -4)?
-13
What is 0 - -15 - (12 - 10) - -10?
23
What is the value of -44 - (0 - 14 - 19)?
-11
Evaluate -2 + 2 + (-8 - -14) - (37 - 33).
2
Evaluate 4 + (9 - 26) - (0 - -3).
-16
(0 + -3 - -11) + (12 - 8)
12
What is -26 + (-38 + 38 - (1 - 3)) - -7?
-17
-103 + 117 - (1 + 13) - -7
7
What is -135 + 115 - ((0 + -3 - -1) + -4)?
-14
What is -13 + (29 - 24) + -11?
-19
What is the value of (7 + 1 - (-77 + 90)) + 7?
2
What is the value of (3 - (-1 + 5)) + (-10 + 10 - -1)?
0
What is the value of 9 - 3 - (-94 - -91)?
9
15 + (-23 - -11) + 10 - -1
14
Calculate -4 + (2 - (-3 + 10) - -8).
-1
11 + (-20 - (-3 + 3)) + 0
-9
Evaluate -19 - (13 + -41) - (16 - 2).
-5
What is the value of -25 + (-3 - -10) + 10 + -12?
-20
What is -34 - -43 - (-4 - -2)?
11
What is the value of -1 - (-17 + 16 + -27)?
27
Evaluate (26 - (-52 - -77)) + (-1 - -2) + -6.
-4
What is -103 - -100 - (1 - -1)?
-5
What is the value of 0 + -21 + (5 - (3 - 27) - 23)?
-15
Evaluate -12 + 3 + 7 + (37 - 39).
-4
What is the value of -43 + 17 + 13 + -4 + 13?
-4
Calculate 6 + 0 + 4 - (-7 - (-10 + 6)).
13
What is (1 - (-1 - (1 + -2))) + -1178 + 1177?
0
19 + (-2 - 7) + (-9 - -4)
5
Evaluate 98 + -86 + 1 + (-11 - -1) - -2.
5
What is 11 + (-2 - -7 - 11) + 1?
6
What is 28 + -3 + -2 + 21 + -14 + -3?
27
(-21 - -35) + -1 + (2 - -16)
31
What is the value of -11 + (-5 - -9) + 14 - (5 - -35)?
-33
What is the value of 0 + -14 + 43 + -18?
11
Evaluate -8 - (-9 - (-4 + (4 - 6) - 1)).
-6
Evaluate (-13 - (4 - (-10 - -16))) + -10.
-21
-6 + (7 - 9 - 1) - -18
9
Calculate -16 + 1 + 7 - -12.
4
What is the value of 2 - (-8 - (-23 + -6) - (4 + 0))?
-15
What is (0 - -6) + (8 - (-11 + (-2 - -14)))?
13
What is -4 - 38 - ((-5 - -15) + (-31 - -10))?
-31
Evaluate -4 - (-44 + -1) - 50.
-9
What is (-65 - -53) + (0 - 5)?
-17
Evaluate (27 - 30) + (5 - 14 - -3) + 4.
-5
21 + -1 - (298 + -279)
1
Calculate (-16 + 16 + 7 - 6) + 4.
5
Evaluate 14 + -3 - (365 - 351).
-3
What is -3 - (11 - 12 - (8 - 4))?
2
What is the value of 34 - (3 + -14 - (11 - 42))?
14
Evaluate -10 + 6 + 10 + -26 + 1.
-19
Calculate -17 - (-1 + (-11 - -5)).
-10
Evaluate -7 - -5 - (1 - (44 - 22)).
19
Calculate 15 + 16 + (10 - 27).
14
Calculate (-8 - (4 + -17 - -5)) + -9.
-9
Evaluate (-17 + 32 - 23) + 13.
5
What is the value of 13 - (-3 - 2 - (-45 + 35))?
8
What is the value of -3 + 1 + 20 + -20 + -4?
-6
-4 + 0 + 1 - 5 - -4
-4
Evaluate -28 + (10 - 18) + 16.
-20
What is 21 + (30 - 40 - 21)?
-10
Evaluate 8 - (-1 - (17 - 23 - (-7 - -2))).
8
What is 3 + -24 - (-1 - 15)?
-5
11 + (58 - 73) + 1 + 5
2
What is 1 + -1 + (145 - 158)?
-13
What is 20 - (1 + 3 - -9)?
7
What is 0 + (-13 - (22 - 25))?
-10
-19 + 1 - -8 - -4 - 5
-11
What is (-2 - -18) + 0 - (259 + -259)?
16
What is the value of (6 + 19 - 22) + -2 + 0 + 1?
2
Evaluate 5 + -2 + (-10 + 3 - (-10 - -21)).
-15
Calculate 24 - 40 - (-4 + (-2 - 2)).
-8
What is the value of (-21 - -16) + (-3 - 7)?
-15
Calculate -15 + (-42 - -68 - 17) + 0 + -10.
-16
What is -2 + 2 - (122 - 159)?
37
Calculate 6 - 4 - (3 + -3 + (42 - 65)).
25
(-11 - -42) + -7 + -4 + -2 - 5
13
Evaluate 8 - 9 - (5 - -1).
-7
Evaluate 2 + (-6 - (-6 + 7 + (-3 - -2))).
-4
What is 9 + (-3 - -1 - 0 - 6)?
1
Calculate 7 + 2 - ((-4 - -10) + 0 + -6).
9
0 - 2 - (20 + -27) - -7
12
-3 + (-1 - -6) + 2 + -10
-6
Calculate 11 + (-17 - 0) - (7 + -5 + -23).
15
Evaluate (19 - 14) + (-3 - 0) - 0.
2
What is (-2 - (6 - 0)) + -5 - -6?
-7
Calculate 7 + (-8 - ((8 - 36) + 0)).
27
What is the value of (27 + -14 - 2 - (-5 + 12)) + 13?
17
What is the value of (-25 - -54 - -15) + -67?
-23
Calculate (-1 + 2 - 37) + 20 + -6.
-22
What is -3 + (4 - 5) + (5 + 5 - -11)?
17
Calculate 3 + 3 - (-113 + 136).
-17
What is the value of (-145 - -139) + -4 + 0?
-10
Evaluate (14 - (-19 - -17)) + -8.
8
What is 10 - ((-12 - 11) + (-2 - (2 + -8)))?
29
What is the value of (-2 - (2 + 2 + 2)) + -11 + 6?
-13
What is the value of -18 + 14 - (-7 - 0) - (0 - -5)?
-2
Calculate (43 - 7) + (-38 - -13).
11
20 + (-6 - (-2 + -2) - -5) + -8
15
What is -4 - (9 + 6 + -8 + -11)?
0
Evaluate -165 + 186 + -9 + 3.
15
Calculate -36 + 36 + 6 + 3 + 4 + 3.
16
2 + -4 + -27 + 37 + (-9 - -4)
3
Calculate (-2 - 27) + -53 + 73.
-9
Calculate -1047 + 1027 + 0 + 0.
-20
What is -1 + 5 - (-15 - (-11 + 5 + -3))?
10
Calculate -11 - (28 - 30) - -10.
1
What is (-20 - -37) + -6 - -12?
23
Evaluate -6 - ((16 - 10 - 5) + (2 - -2)).
-11
What is the value of (-29 + 22 - 7) + -6?
-20
What is 3 + 6 - (-16 - -36)?
-11
Calculate -8 + -20 + (-29 - -20) + -2.
-39
Evaluate (-1 - 3) + -11 + (-2 - (9 - 19)).
-7
What is the value of 0 + 16 + (-8 - 10)?
-2
What is (-1001 - -1006) + 20 + (2 - (7 + -2))?
22
What is the value of -17 + 23 - (20 + (2 - -7))?
-23
(-19 + 1 - (-6 + 10)) + 0
-22
-19 + 21 - (-11 + 5 - 3)
11
Calculate -10 - (-14 - ((4 - 12) + 9)).
5
What is 20 + (-2 + 13 - 13) + -12?
6
Calculate 0 - (19 - 14) - -22.
17
Evaluate -3 - (-3 - (-3 + 4)) - (-37 + 33).
5
Evaluate 2 - (-4 - (-4 - 4) - 5) - 5.
-2
10 + -7 + -8 - -23
18
(-5 - -17) + 2 + -3 - -7
18
What is 8 - (17 - (-1 + 9))?
-1
What is the value of 13 + (1 - 3) + (-315 - -314)?
10
Calculate 29 - ((16 - 39) + 31).
21
What is the value of 13 + ((3 - 5) + 6 - 2 - 8)?
7
What is -21 + 23 - (8 + (4 - 1))?
-9
What is the value of 1 + -7 + (-18 - -8) + 46 + 1?
31
Evaluate 6 - (-11 + 17 + 2 - 3).
1
Evaluate 6 + -4 + 8 + (6 - 1).
15
What is the value of -59 - -46 - (-40 + -2 + 5)?
24
Evaluate (-4 - -3) + 6 + -3 + 0.
2
Calculate -9 + (-1 - 7) + 16 + -12.
-13
Calculate -32 + (6 - (11 - (-8 + 5 + 11))).
-29
What is -17 + 5 - (-2 + -18)?
8
Calculate -5 + 0 + (-28 + 44 - (1 - 4)).
14
What is -1 + (-10 - -5) + -2?
-8
-3 + 12 + -2 + -8 - 33 - 3
-37
What is the value of -752 + 748 - (-1 + -8 + -1 + 3)?
3
What is -9 - -8 - -2 - (7 + -2)?
-4
What is the value of 19 + ((11 - 4) + 0 - (10 - -1))?
15
What is the value of -10 + (8 + -7 - -5) - 9?
-13
Calculate (-194 - -179) + 5 + 8 + 2.
0
Evaluate 17 + -20 + (2 - (1 + -1 + -2)).
1
What is 0 - -2 - (6 + 5)?
-9
13 - (8 - (-21 - -16))
0
What is (270 - 252) + -2 + -16?
0
Evaluate (51 + -48 - (4 - 1)) + -4.
-4
What is (32 - 24) + (-7 - (3 - 0))?
-2
20 + -10 + -2 + -7
1
What is the value of 5 - (7 + -19 + 11 + (12 - 0))?
-6
(1 - (9 - 3) - 0) + (-66 - -71)
0
Calculate 14 + -3 + (-9 - -11).
13
What is 9 + (3 - 14) + -1?
-3
Evaluate -14 - -1 - -13 - -1.
1
Calculate 1 - (6 - 15) - 9 - (1 + 5).
-5
What is the value of -12 + 0 + 12 + -20 - -3?
-17
What is the value of 13 + -10 + 3 + -1 + -8?
-3
What is the value of -24 - (-29 + (-27 - -37))?
-5
Evaluate -6 + (29 + -5 - (25 - 21)).
14
Calculate 3 + -38 + (65 - 18).
12
3 - (-3 + 5 + 1) - 4
-4
Calculate (-4 - (-3 - 5)) + (9 - 1).
12
Evaluate 319 - 287 - (12 + 2).
18
What is the value of 6 - ((48 - 27) + 6)?
-21
Calculate (-7 - (-36 + 39)) + -7.
-17
Calculate -4 + (-1 